{"id":31,"date":"2022-03-01T10:41:26","date_gmt":"2022-03-01T09:41:26","guid":{"rendered":"http:\/\/romandvoracek.eu\/?page_id=31"},"modified":"2022-03-01T10:41:26","modified_gmt":"2022-03-01T09:41:26","slug":"slaboproude-rozvody","status":"publish","type":"page","link":"https:\/\/vvelektro.cz\/?page_id=31","title":{"rendered":"Slaboproud\u00e9 rozvody"},"content":{"rendered":"\n<h2>Zabezpe\u010dovac\u00ed syst\u00e9my&nbsp;JABLOTRON,&nbsp;PARADOX<\/h2>\n\n\n\n<p>Pokr\u00fdv\u00e1me \u0161irokou nab\u00eddku komponent\u016f EZS, od klasick\u00fdch PIR detektor\u016f, bezdr\u00e1tov\u00fdch detektor\u016f, klasick\u00fdch a GSM komunik\u00e1tor\u016f, p\u0159es \u00fast\u0159edny st\u0159edn\u00ed t\u0159\u00eddy pro men\u0161\u00ed syst\u00e9my a\u017e po \u00fast\u0159edny pro st\u0159edn\u00ed a v\u011bt\u0161\u00ed syst\u00e9my.<\/p>\n\n\n\n<p>\u00a8V na\u0161\u00ed nab\u00eddce najdete syst\u00e9my renomovan\u00fdch firem Jablotron, Paradox. V\u017edy jsme schopni p\u0159izp\u016fsobit syst\u00e9m p\u0159esn\u011b dle po\u017eadavk\u016f z\u00e1kazn\u00edka tak, aby byl spokojen.<\/p>\n\n\n\n<h2>Doch\u00e1zkov\u00e9 a p\u0159\u00edstupov\u00e9 syst\u00e9my SYSDO<\/h2>\n\n\n\n<p>Kontrola a spr\u00e1va doch\u00e1zky, individu\u00e1ln\u00ed pracovn\u00ed pl\u00e1ny a dokonal\u00fd p\u0159ehled o doch\u00e1zce zam\u011bstnanc\u016f p\u0159ehledn\u011b a intuitivn\u011b.<\/p>\n\n\n\n<p><a href=\"http:\/\/www.sysdo.cz\">http:\/\/www.sysdo.cz<\/a><\/p>\n\n\n\n<h2>Kamerov\u00e9 syst\u00e9my<\/h2>\n\n\n\n<p>Kamerov\u00e9 IP a CCTV syst\u00e9my na m\u00edru.<\/p>\n\n\n\n<h2>LAN rozvody<\/h2>\n\n\n\n<p>Navrhneme, p\u0159iprav\u00edme a&nbsp;vybudujeme spolehlivou profesion\u00e1ln\u00ed s\u00ed\u0165 v\u010detn\u011b kompletn\u00edho s\u00ed\u0165ov\u00e9ho prost\u0159ed\u00ed pro optim\u00e1ln\u00ed provoz va\u0161ich aplikac\u00ed.<\/p>\n\n\n\n<p><\/p>\n","protected":false},"excerpt":{"rendered":"<p>Zabezpe\u010dovac\u00ed syst\u00e9my&nbsp;JABLOTRON,&nbsp;PARADOX Pokr\u00fdv\u00e1me \u0161irokou nab\u00eddku komponent\u016f EZS, od klasick\u00fdch PIR detektor\u016f, bezdr\u00e1tov\u00fdch detektor\u016f, klasick\u00fdch a GSM komunik\u00e1tor\u016f, p\u0159es \u00fast\u0159edny st\u0159edn\u00ed t\u0159\u00eddy pro men\u0161\u00ed syst\u00e9my a\u017e po \u00fast\u0159edny pro st\u0159edn\u00ed a v\u011bt\u0161\u00ed syst\u00e9my. \u00a8V na\u0161\u00ed nab\u00eddce najdete syst\u00e9my renomovan\u00fdch firem Jablotron, Paradox. V\u017edy jsme schopni p\u0159izp\u016fsobit syst\u00e9m p\u0159esn\u011b dle po\u017eadavk\u016f z\u00e1kazn\u00edka tak, aby byl spokojen. Doch\u00e1zkov\u00e9 [&hellip;]<\/p>\n","protected":false},"author":1,"featured_media":32,"parent":0,"menu_order":0,"comment_status":"closed","ping_status":"closed","template":"","meta":[],"_links":{"self":[{"href":"https:\/\/vvelektro.cz\/index.php?rest_route=\/wp\/v2\/pages\/31"}],"collection":[{"href":"https:\/\/vvelektro.cz\/index.php?rest_route=\/wp\/v2\/pages"}],"about":[{"href":"https:\/\/vvelektro.cz\/index.php?rest_route=\/wp\/v2\/types\/page"}],"author":[{"embeddable":true,"href":"https:\/\/vvelektro.cz\/index.php?rest_route=\/wp\/v2\/users\/1"}],"replies":[{"embeddable":true,"href":"https:\/\/vvelektro.cz\/index.php?rest_route=%2Fwp%2Fv2%2Fcomments&post=31"}],"version-history":[{"count":1,"href":"https:\/\/vvelektro.cz\/index.php?rest_route=\/wp\/v2\/pages\/31\/revisions"}],"predecessor-version":[{"id":33,"href":"https:\/\/vvelektro.cz\/index.php?rest_route=\/wp\/v2\/pages\/31\/revisions\/33"}],"wp:featuredmedia":[{"embeddable":true,"href":"https:\/\/vvelektro.cz\/index.php?rest_route=\/wp\/v2\/media\/32"}],"wp:attachment":[{"href":"https:\/\/vvelektro.cz\/index.php?rest_route=%2Fwp%2Fv2%2Fmedia&parent=31"}],"curies":[{"name":"wp","href":"https:\/\/api.w.org\/{rel}","templated":true}]}}